{"id":2632,"date":"2022-11-24T12:59:00","date_gmt":"2022-11-24T12:59:00","guid":{"rendered":"http:\/\/www.szklo-ceramika.online\/?post_type=tribe_events&#038;p=2632"},"modified":"2022-11-24T14:56:54","modified_gmt":"2022-11-24T14:56:54","slug":"dorota-lasisz-ceramika","status":"publish","type":"tribe_events","link":"https:\/\/www.szklo-ceramika.online\/en\/event\/dorota-lasisz-ceramika\/","title":{"rendered":"Dorota \u0141asisz &#8211; Ceramika"},"content":{"rendered":"<div class=\"pntrst_main_before_after\"><\/div><p>Ciep\u0142o, spok\u00f3j, ukojenie, to trzy pierwsze s\u0142owa, jakie przychodz\u0105 mi do g\u0142owy, gdy patrze na rze\u017aby Doroty \u0141asisz. Przyjemna faktura, stonowane kolory i proste formy powoduj\u0105, \u017ce od razu robi si\u0119 lepiej. To jest specjalna supermoc wielu znamienitych artyst\u00f3w, by przekaza\u0107 odbiorcy lub wywo\u0142a\u0107 w nim okre\u015blone uczucia i emocje.<\/p>\n<p>Dorota uczy ceramiki, robi ceramik\u0119 i prezentuje j\u0105, szuka w czasie swoich podr\u00f3\u017cy mniejszych i wi\u0119kszych ceramicznych warsztat\u00f3w dowodz\u0105c, \u017ce ceramika nie zna granic.<\/p>\n<p>Po wielu \u015bwietnych wystawach jej uczni\u00f3w, mamy wreszcie okazj\u0119 obejrze\u0107 zbi\u00f3r prac samej nauczycielki. W grudniu id\u017a na wernisa\u017c albo na wystaw\u0119 na Chmieln\u0105 8 w Warszawie. Mo\u017ce znajdziesz tam swojego Caballo?<\/p>\n<p><strong>Wernisa\u017c odb\u0119dzie si\u0119 10 grudnia (sobota) o godzinie 17:00.<\/strong><\/p>\n<p>Zapraszamy!<\/p>\n<div class=\"pntrst_main_before_after\"><\/div><div class=\"fcbkbttn_buttons_block\" id=\"fcbkbttn_left\"><div class=\"fcbkbttn_button\">\n                            <a href=\"https:\/\/www.facebook.com\/szkloiceramika\" target=\"_blank\">\n                                <img decoding=\"async\" src=\"https:\/\/www.szklo-ceramika.online\/wp-content\/plugins\/social-buttons-pack\/facebook-button-plugin\/images\/standard-facebook-ico.png\" alt=\"Fb-Button\" \/>\n                            <\/a>\n                        <\/div><div class=\"fcbkbttn_like \"><fb:like href=\"https:\/\/www.szklo-ceramika.online\/en\/event\/dorota-lasisz-ceramika\/\" action=\"like\" colorscheme=\"light\" layout=\"button_count\"  size=\"small\"><\/fb:like><\/div><div class=\"fb-share-button  \" data-href=\"https:\/\/www.szklo-ceramika.online\/en\/event\/dorota-lasisz-ceramika\/\" data-type=\"button\" data-size=\"small\"><\/div><\/div>","protected":false},"excerpt":{"rendered":"<p>Ciep\u0142o, spok\u00f3j, ukojenie, to trzy pierwsze s\u0142owa, jakie przychodz\u0105 mi do g\u0142owy, gdy patrze na rze\u017aby Doroty \u0141asisz. Przyjemna faktura,&hellip; <\/p>\n","protected":false},"author":4,"featured_media":2633,"template":"","meta":{"_tribe_events_status":"","_tribe_events_status_reason":"","footnotes":""},"tags":[12,31,30,17,4,15],"tribe_events_cat":[357],"class_list":["post-2632","tribe_events","type-tribe_events","status-publish","has-post-thumbnail","hentry","tag-art","tag-ceramics","tag-ceramika","tag-exhibition","tag-sztuka","tag-wystawa","tribe_events_cat-ceramika","cat_ceramika"],"_links":{"self":[{"href":"https:\/\/www.szklo-ceramika.online\/en\/wp-json\/wp\/v2\/tribe_events\/2632","targetHints":{"allow":["GET"]}}],"collection":[{"href":"https:\/\/www.szklo-ceramika.online\/en\/wp-json\/wp\/v2\/tribe_events"}],"about":[{"href":"https:\/\/www.szklo-ceramika.online\/en\/wp-json\/wp\/v2\/types\/tribe_events"}],"author":[{"embeddable":true,"href":"https:\/\/www.szklo-ceramika.online\/en\/wp-json\/wp\/v2\/users\/4"}],"version-history":[{"count":4,"href":"https:\/\/www.szklo-ceramika.online\/en\/wp-json\/wp\/v2\/tribe_events\/2632\/revisions"}],"predecessor-version":[{"id":2644,"href":"https:\/\/www.szklo-ceramika.online\/en\/wp-json\/wp\/v2\/tribe_events\/2632\/revisions\/2644"}],"wp:featuredmedia":[{"embeddable":true,"href":"https:\/\/www.szklo-ceramika.online\/en\/wp-json\/wp\/v2\/media\/2633"}],"wp:attachment":[{"href":"https:\/\/www.szklo-ceramika.online\/en\/wp-json\/wp\/v2\/media?parent=2632"}],"wp:term":[{"taxonomy":"post_tag","embeddable":true,"href":"https:\/\/www.szklo-ceramika.online\/en\/wp-json\/wp\/v2\/tags?post=2632"},{"taxonomy":"tribe_events_cat","embeddable":true,"href":"https:\/\/www.szklo-ceramika.online\/en\/wp-json\/wp\/v2\/tribe_events_cat?post=2632"}],"curies":[{"name":"wp","href":"https:\/\/api.w.org\/{rel}","templated":true}]}}

Dorota Łasisz &#8211; Ceramika

<div class="pntrst_main_before_after"></div><p>Ciepło, spokój, ukojenie, to trzy pierwsze słowa, jakie przychodzą mi do głowy, gdy patrze na rzeźby Doroty Łasisz. Przyjemna faktura, stonowane kolory i proste formy powodują, że od razu robi się lepiej. To jest specjalna supermoc wielu znamienitych artystów, by przekazać odbiorcy lub wywołać w nim określone uczucia i emocje.</p>
<p>Dorota uczy ceramiki, robi ceramikę i prezentuje ją, szuka w czasie swoich podróży mniejszych i większych ceramicznych warsztatów dowodząc, że ceramika nie zna granic.</p>
<p>Po wielu świetnych wystawach jej uczniów, mamy wreszcie okazję obejrzeć zbiór prac samej nauczycielki. W grudniu idź na wernisaż albo na wystawę na Chmielną 8 w Warszawie. Może znajdziesz tam swojego Caballo?</p>
<p><strong>Wernisaż odbędzie się 10 grudnia (sobota) o godzinie 17:00.</strong></p>
<p>Zapraszamy!</p>
<div class="pntrst_main_before_after"></div><div class="fcbkbttn_buttons_block" id="fcbkbttn_left"><div class="fcbkbttn_button">
                            <a href="https://www.facebook.com/szkloiceramika" target="_blank">
                                <img decoding="async" src="https://www.szklo-ceramika.online/wp-content/plugins/social-buttons-pack/facebook-button-plugin/images/standard-facebook-ico.png" alt="Fb-Button" />
                            </a>
                        </div><div class="fcbkbttn_like "><fb:like href="https://www.szklo-ceramika.online/en/event/dorota-lasisz-ceramika/" action="like" colorscheme="light" layout="button_count"  size="small"></fb:like></div><div class="fb-share-button  " data-href="https://www.szklo-ceramika.online/en/event/dorota-lasisz-ceramika/" data-type="button" data-size="small"></div></div>

<p>Ciepło, spokój, ukojenie, to trzy pierwsze słowa, jakie przychodzą mi do głowy, gdy patrze na rzeźby Doroty Łasisz. Przyjemna faktura,&hellip; </p>
